{"id":8330,"date":"2020-08-12T04:52:36","date_gmt":"2020-08-11T19:52:36","guid":{"rendered":"http:\/\/daindrain.coflworks.com\/?post_type=product&#038;p=8330"},"modified":"2020-08-12T04:52:36","modified_gmt":"2020-08-11T19:52:36","slug":"%eb%b0%9c%ec%bd%94%eb%8b%88-%eb%93%9c%eb%a0%88%ec%9d%b8","status":"publish","type":"product","link":"http:\/\/didrain.com\/?product=%eb%b0%9c%ec%bd%94%eb%8b%88-%eb%93%9c%eb%a0%88%ec%9d%b8","title":{"rendered":"\ubc1c\ucf54\ub2c8 \ub4dc\ub808\uc778"},"content":{"rendered":"<p>[et_pb_section bb_built=&#8221;1&#8243;][et_pb_row][et_pb_column type=&#8221;1_2&#8243;][et_pb_image _builder_version=&#8221;3.19.13&#8243; src=&#8221;http:\/\/stgco.cafe24.com\/wp-content\/uploads\/2020\/08\/\ubc1c\ucf54\ub2c8-\ub4dc\ub808\uc778-\uc81c\ud488-long.jpg&#8221; \/][\/et_pb_column][et_pb_column type=&#8221;1_2&#8243;][et_pb_text _builder_version=&#8221;3.19.13&#8243;]<\/p>\n<p>\uc7ac\uc9c8 : \uc0c1\ubd80(ABS\uc218\uc9c0) \ud558\ubd80(\ucf54\ud504\ub80c\uc218\uc9c0)<br \/>\uc8fc\uc694 \uc0ac\uc6a9\ucc98 : \uacf5\ub3d9\uc8fc\ud0dd, \ube4c\ub77c\ub4f1\uc758 \ubc1c\ucf54\ub2c8 \ubc30\uc218\uc6a9<\/p>\n<p>\u25b6\uc0ac\uac01 \ud0c0\uc77c\ud615\uc73c\ub85c \ub9c8\uac10\ucc98\ub9ac\uac00 \uae54\ub054\ud568. <br \/>\u25b6\ub099\ud558\uc720\uc218\ub97c \uad00\ubcbd\uc73c\ub85c \uc720\ub3c4\ud558\uc5ec \ubc30\uc218 \uc18c\uc74c \uc808\uac10. <br \/>\u25b6\ub0b4\uad6c\uc131\uc774 \ub6f0\uc5b4\ub09c \uc7ac\uc9c8 <br \/>\u25b6\uc81c\ud488\uc758 \uacbd\ub7c9\ud654, \uc0c1\u00b7\ud558\ubd80 \ubd84\ub9ac\ub85c \uc124\uce58 \uacf5\uc0ac\uc2dc \uac04\ud3b8. <\/p>\n<p>\u25b6\uaddc\uaca9 &#8211; 50\u00f8, 75\u00f8, 100\u00f8 <br \/>\u25b6\ub192\uc774 &#8211; 150, 180, 200 \uc774\uc0c1 3\uc804, 5~8\uc804 \uae4c\uc9c0 \ud6c4\ub80c\uc9c0 \uc0ac\uc6a9\ud568<\/p>\n<p>\u00a0<\/p>\n<p>[\/et_pb_text][\/et_pb_column][\/et_pb_row][et_pb_row][et_pb_column type=&#8221;4_4&#8243;][et_pb_text _builder_version=&#8221;3.19.13&#8243;]<\/p>\n<p>[table id=31 \/]<\/p>\n<p>[\/et_pb_text][\/et_pb_column][\/et_pb_row][\/et_pb_section]<\/p>\n","protected":false},"excerpt":{"rendered":"<p>[et_pb_section bb_built=&#8221;1&#8243;][et_pb_row][et_pb_column type=&#8221;1_2&#8243;][et_pb_image _builder_version=&#8221;3.19.13&#8243; src=&#8221;http:\/\/stgco.cafe24.com\/wp-content\/uploads\/2020\/08\/\ubc1c\ucf54\ub2c8-\ub4dc\ub808\uc778-\uc81c\ud488-long.jpg&#8221; \/][\/et_pb_column][et_pb_column type=&#8221;1_2&#8243;][et_pb_text _builder_version=&#8221;3.19.13&#8243;] \uc7ac\uc9c8 : \uc0c1\ubd80(ABS\uc218\uc9c0) \ud558\ubd80(\ucf54\ud504\ub80c\uc218\uc9c0)\uc8fc\uc694 \uc0ac\uc6a9\ucc98 : \uacf5\ub3d9\uc8fc\ud0dd, \ube4c\ub77c\ub4f1\uc758 \ubc1c\ucf54\ub2c8 \ubc30\uc218\uc6a9 \u25b6\uc0ac\uac01 \ud0c0\uc77c\ud615\uc73c\ub85c \ub9c8\uac10\ucc98\ub9ac\uac00 \uae54\ub054\ud568. \u25b6\ub099\ud558\uc720\uc218\ub97c \uad00\ubcbd\uc73c\ub85c \uc720\ub3c4\ud558\uc5ec \ubc30\uc218 \uc18c\uc74c \uc808\uac10. \u25b6\ub0b4\uad6c\uc131\uc774 \ub6f0\uc5b4\ub09c \uc7ac\uc9c8 \u25b6\uc81c\ud488\uc758 \uacbd\ub7c9\ud654, \uc0c1\u00b7\ud558\ubd80 \ubd84\ub9ac\ub85c \uc124\uce58 \uacf5\uc0ac\uc2dc \uac04\ud3b8. \u25b6\uaddc\uaca9 &#8211; 50\u00f8, 75\u00f8, 100\u00f8 \u25b6\ub192\uc774 &#8211; 150, 180, 200 \uc774\uc0c1 3\uc804, 5~8\uc804 \uae4c\uc9c0 \ud6c4\ub80c\uc9c0 \uc0ac\uc6a9\ud568 \u00a0 [&hellip;]<\/p>\n","protected":false},"featured_media":8332,"template":"","meta":{"_et_pb_use_builder":"on","_et_pb_old_content":""},"product_cat":[34],"product_tag":[],"_links":{"self":[{"href":"http:\/\/didrain.com\/index.php?rest_route=\/wp\/v2\/product\/8330"}],"collection":[{"href":"http:\/\/didrain.com\/index.php?rest_route=\/wp\/v2\/product"}],"about":[{"href":"http:\/\/didrain.com\/index.php?rest_route=\/wp\/v2\/types\/product"}],"wp:featuredmedia":[{"embeddable":true,"href":"http:\/\/didrain.com\/index.php?rest_route=\/wp\/v2\/media\/8332"}],"wp:attachment":[{"href":"http:\/\/didrain.com\/index.php?rest_route=%2Fwp%2Fv2%2Fmedia&parent=8330"}],"wp:term":[{"taxonomy":"product_cat","embeddable":true,"href":"http:\/\/didrain.com\/index.php?rest_route=%2Fwp%2Fv2%2Fproduct_cat&post=8330"},{"taxonomy":"product_tag","embeddable":true,"href":"http:\/\/didrain.com\/index.php?rest_route=%2Fwp%2Fv2%2Fproduct_tag&post=8330"}],"curies":[{"name":"wp","href":"https:\/\/api.w.org\/{rel}","templated":true}]}}